by 16.
13
Suppose -4*t + 105 = -3*l - 99, 100 = 2*t - l. What is the remainder when t is divided by 10?
8
Let t be (1180/(-50))/(2/(-5)). Let a = t + -41. Calculate the remainder when 52 is divided by a.
16
Let s be (5/5)/(-1)*-10. Let q = 12 + -5. What is the remainder when 44/s*(-45)/(-18) is divided by q?
4
Calculate the remainder when 310 is divided by (-20)/(-8)*40/(-50)*-13.
24
Suppose 0 = -y + 11 + 3. Suppose y = s + 2. What is the remainder when 47 is divided by s?
11
Let a(k) = 57*k**3 + 5*k**2 - 6*k + 1. Calculate the remainder when a(1) is divided by 17.
6
Let j = -56 - -181. Calculate the remainder when j is divided by 6.
5
Let v(b) = 19*b + 15. Calculate the remainder when 475 is divided by v(2).
51
Let q = 1066 - 915. Calculate the remainder when q is divided by 17.
15
Let x(i) = i**2 + 1044. Let q be x(0). Suppose 6*r - q = 2*r. Suppose -9*f + r = -6*f. Calculate the remainder when f is divided by 22.
21
Calculate the remainder when (1 + (-30)/24)/(1/(-668)) is divided by 42.
41
Suppose 17*q = 19*q + 5*r - 350, -209 = -q + 6*r. Calculate the remainder when q is divided by 44.
9
Suppose 0 = -4*u + f + 60, -15 = -3*u + 3*f + 39. Calculate the remainder when 21 is divided by u.
7
Suppose 4*i = 26 + 42. Suppose -14*b = -i*b + 12. Suppose b*s = s + 210. What is the remainder when s is divided by 18?
16
Let o = 12 - 7. Let x be (2 + -3)*-3*o. What is the remainder when (-9)/x - (-2590)/25 is divided by 21?
19
Let n = -556 + 793. Suppose -19*u = -n - 409. Calculate the remainder when 67 is divided by u.
33
Suppose -d + 9 = 2*o, 8*d + o = 3*d + 18. Suppose -3*v + 6*c + 29 = 4*c, -4*v + d*c = -40. Calculate the remainder when 17 is divided by v.
3
Suppose 5*y - 3*v - 254 = 0, -3*y + 158 = -v + 8. Calculate the remainder when 881 is divided by y.
48
Suppose 8*o + 37 = 213. What is the remainder when 350 is divided by o?
20
Let g = 455 + -373. Calculate the remainder when 381 is divided by g.
53
Suppose -7*k = -99 - 41. Suppose 15*q + 55 = k*q. What is the remainder when q is divided by 4?
3
Suppose -4*f - j = 86, 3*f + 2*j = -3*j - 73. Let d = f + 40. What is the remainder when 4/(-6)*1092/(-13) is divided by d?
18
Suppose 6*v = 4*v - 2*j + 332, 518 = 3*v - 2*j. Calculate the remainder when v is divided by 33.
5
Let f(a) be the third derivative of a**5/60 + 3*a**4/8 + 8*a**3/3 + 17*a**2. What is the remainder when 14 is divided by f(-8)?
6
Let p(j) = -5*j + 112. Let a(m) = 4*m - 111. Let s(z) = -4*a(z) - 3*p(z). What is the remainder when s(0) is divided by 55?
53
Suppose 2*k + 3 = -5*z + 6, 5*z - 5*k - 10 = 0. Calculate the remainder when 2 - -12*(5 + z) is divided by 26.
22
Let p be -9*((-66)/(-18) + -4). Suppose p*n - 378 = -132. Calculate the remainder when n is divided by 22.
16
Let o(m) = -5*m**3 + m**2 + 2*m + 2. Let j be o(-1). Suppose f + j*f = 42. What is the remainder when 21 is divided by f?
3
Let c(u) = -21*u - 10 - 23*u + 64*u. Calculate the remainder when c(3) is divided by 19.
12
Let a(r) = -7*r - 2. Let w = -7 + 3. Let y be a(w). Suppose 3*n = q - 10, -n = q + 4*n - y. What is the remainder when q is divided by 6?
4
What is the remainder when 230 is divided by (-18)/(-72) - (-115)/4?
27
Suppose 2*v - 2*p - 56 = 0, 4*v + 2*p - 130 = -0*v. Calculate the remainder when 866 is divided by v.
29
Suppose 2*o + 0*o = -14. Let r = o - -10. Calculate the remainder when -3 + r - (-43 + 2) is divided by 14.
13
Suppose 5*g + 9 = -1. Let n(r) = 2*r**2 + 3*r + 2. Calculate the remainder when n(g) is divided by 2.
0
Let w(x) = -85 + x**3 - 3*x**2 + 2*x + 85. Let d be w(2). Suppose 0 = 3*b - d - 27. What is the remainder when b is divided by 5?
4
Let a = -8 + 109. Suppose 5*i - a = -3*r, 21 = -0*i + i + r. Let s = 168 - 114. Calculate the remainder when s is divided by i.
16
Let p(x) = 49*x - 1. Let l be p(1). Suppose l = 2*q - 68. What is the remainder when q is divided by 21?
16
Let r = 35 + -20. Suppose 4*d + 59 = 5*d. Suppose -2*q - d = -3*q. Calculate the remainder when q is divided by r.
14
Suppose 2*y = 4, -7*y + 253 = 3*q - 8*y. Calculate the remainder when q is divided by 22.
19
Let m(l) = -l**2 + 28*l + 133. Calculate the remainder when m(31) is divided by (-10)/(-30) - 62/(-3).
19
Let u be (-10)/15 + 76/6. Suppose 4*d + 5*w = 13, -3 + u = 3*d + 4*w. What is the remainder when 20 is divided by d?
6
Suppose 115 = 5*o - 10. Suppose r = 2*t + o, 0 = -3*r - 5*t - 15 + 79. What is the remainder when r is divided by 4?
3
Let z(y) = -y**2 - 7*y - 3. Let j be z(-9). Suppose -108 = -7*d + 3*d. Calculate the remainder when d is divided by j*(0 - (-3)/(-9)).
6
Let k(f) = 18*f - 9. Suppose -7*c = -2*c - 10. Calculate the remainder when 105 is divided by k(c).
24
Let b be ((-6)/8)/(((-21)/8)/7). Suppose 5*l - 5*k = 405, 62 = b*l + 5*k - 135. Calculate the remainder when l is divided by 22.
20
Let c = 30 + -30. Let o(g) = 0*g + 34 + 2*g**2 - g**2 - g. Calculate the remainder when o(c) is divided by 12.
10
Let o(k) = k**2 + 6*k - 3. Let t be o(-6). What is the remainder when 164 is divided by (17 - -1) + -2 - (-2 - t)?
14
Let n be (1 - 16)*(-11)/11. Let k = 10 - n. Let j = 18 + k. Calculate the remainder when 63 is divided by j.
11
Let u(w) = w**2 + 10*w + 76. Let q be -5 + 2 - 6/(-2). Calculate the remainder when u(-6) is divided by q - ((1 - 3) + -16).
16
Suppose 0 = 5*b + 9 + 61. Let z = -1 - b. What is the remainder when 89 is divided by z?
11
Suppose -3*g + 2*t - 36 = -6*g, 2*t = 4*g - 48. Let m = g + 5. What is the remainder when 66 is divided by m?
15
Let y(x) = -x**3 - 4*x**2 + 3*x - 7. Let r be y(-5). Let t be r + -3 + 0 + 4. Calculate the remainder when (-1)/(t/(-168))*1 is divided by 22.
20
Let v(g) = -g**2 - 4*g - 4. Let k be v(-11). Let u = -62 - k. Calculate the remainder when 74 is divided by u.
17
Let w = -39 + 54. Suppose 2*m = 42 + 44. Calculate the remainder when m is divided by w.
13
Suppose 30 = -s - 100. Let t = 191 + s. Let r = -37 + t. What is the remainder when 93 is divided by r?
21
Let y(d) = 4*d**2 + 4*d - 5. Suppose 53*n - 56*n = -33. What is the remainder when y(-3) is divided by n?
8
What is the remainder when 18 is divided by (-111)/(-18) + (-2)/12 + 3?
0
Let f = -36 + 41. Let x = f + 4. What is the remainder when 25 is divided by x?
7
Suppose -493 = -5*g + 4*c, 16*c = -2*g + 14*c + 190. What is the remainder when g is divided by 25?
22
Let p = 34 + -34. Suppose 77*m - 84*m + 259 = p. What is the remainder when m is divided by 20?
17
Let r be 41/3 - 8/(-24). Let n(a) = -a**3 + 13*a**2 + 14*a + 12. Calculate the remainder when n(r) is divided by 5.
2
Suppose -37*r + 4440 = 3*r. What is the remainder when r is divided by 37?
0
Let q be (1/3)/((-20)/(-300)). Suppose -9*t = q*t - 714. Calculate the remainder when t is divided by 28.
23
Suppose 33*x - 9*x - 3720 = 0. Calculate the remainder when x is divided by 12.
11
Suppose -235 = -10*w + 195. Calculate the remainder when 558 is divided by w.
42
Suppose -60 + 1614 = 21*h. Let a(k) = -k**2 + 5*k - 1. Let n be a(8). Let p = -6 - n. What is the remainder when h is divided by p?
17
Let r(f) = 2*f - 1. Let c(j) = -j**3 - j**2 + 13*j + 5. Let m be c(-4). What is the remainder when 8 is divided by r(m)?
0
Suppose 288*m - 291*m = -210. What is the remainder when m is divided by 25?
20
Suppose -4*f + 3*f = -6. Suppose n + 15 = 2*n + 5*a, -3*a = 2*n - 58. What is the remainder when n is divided by f?
5
Suppose 31*l - 1680 = 26*l. Calculate the remainder when l is divided by 20.
16
Let q(t) = t**3 + t**2 + 9. Let l be q(0). Let r be (3/(-9))/(1/l). Calculate the remainder when 86 is divided by r/(-6) - (-172)/8.
20
Let o(u) = 2*u + 75. Calculate the remainder when o(-18) is divided by 31.
8
Suppose 202*x + 132 = 205*x. What is the remainder when 229 is divided by x?
9
Let c = -169 - -201. What is the remainder when c is divided by 18?
14
Suppose 0 = -w - 5*y + 22, 5*w = -7*y + 3*y + 173. Calculate the remainder when w is divided by 22.
15
Let v = 35 + -20. Let g(k) = -2*k**3 + 38*k**2 - 66*k + 38. Calculate the remainder when g(17) is divided by v.
12
Suppose -5*i - 240 - 190 = 0. Let o = -56 - i. Let b = -18 + o. Calculate the remainder when 47 is divided by b.
11
Let p(s) = -23*s - 22. What is the remainder when 55 is divided by p(-2)?
7
Suppose -2*r + 3*h = 11, r - 3*